 Determine j(1).
-3
Suppose 0 = 3*y - 80 + 98. Let d(s) = -s**3 - 8*s**2 - 9*s - 4. Give d(y).
-22
Let a(h) = 2*h + 1. Let n(l) = -1. Let u(v) = -a(v) - n(v). Suppose -4*j + 17 = q, 3*q + 1 = -3*j + 7. Suppose j*b - 4 - 1 = 0. Give u(b).
-2
Let y(x) = x**2 + x + 1. Suppose 5*t = 15, -5*f = -t - 4*t - 10. Let c be 1*(2 + -3)*f. Let d be 2/c - (-9)/(-15). Determine y(d).
1
Let a(h) be the second derivative of 3*h**3/2 + h. Let j(g) = g - 12. Let m be j(10). Let n = -3 - m. Determine a(n).
-9
Let m(v) = 70*v - 2*v**2 - 81*v - 5 + 3*v**2. Give m(11).
-5
Let k(c) be the second derivative of c**5/20 - c**4/6 + c**2/2 - 8*c. Determine k(1).
0
Let y(f) = f - 4. Let a be ((8*1)/2)/2. Suppose a*w - 8 = 4*w. Calculate y(w).
-8
Let w(i) = -3*i + 1. Let m be w(1). Let y be (-1)/(21/(-9) - m). Let t(n) = y - 2 + 8 + n. What is t(0)?
9
Let r = -23 + 26. Let h(v) = -v**3 + 4*v**2 - 3*v - 2. What is h(r)?
-2
Let k(d) = -d**2 + 7*d + 8. Suppose 0 = -4*a - 4*t - 4, 14 = -3*a + t - 9. Let j = a + 13. Give k(j).
8
Let h(o) = o**3 + o**2 - o. Let n(f) = -2*f**3 + f**2 + 7*f + 1. Suppose 3 = 5*g + 8. Let l(x) = g*n(x) - 3*h(x). Give l(-3).
2
Suppose 6 = c - 9. Suppose 4*q = -x - c, 2*x + 15 = -3*q - 0*x. Let f = -5 - q. Let k(g) = g**2 - 2*g. Determine k(f).
8
Let u = 171 + -175. Let k(i) be the second derivative of i**3/6 - 2*i**2 + i. Determine k(u).
-8
Let h(g) = 2*g**3 + 2*g - 1. Let m be (-4)/18 + (38/9 - 2). Calculate h(m).
19
Let o(l) be the second derivative of l**4/12 + 3*l**2/2 + 56*l. Give o(0).
3
Suppose 0 = -0*a + 2*a - 2. Let v be (1 - a) + (-8 - -3). Let m(g) = -4*g**2 + 3 + 9*g**2 - 10 + g**3 - 2*g. Calculate m(v).
3
Let j(d) = d**2 - d. Let i be 3 - (3 - 1)/(-2). Let x = i + -3. What is j(x)?
0
Let v(x) = 3*x + 2*x - 5 - 4*x - 1. Determine v(4).
-2
Suppose -2*s + 2 = -4*n, 4*s + 2*n = 4*n + 22. Let l = 2 - s. Let f(h) = -3*h**3 + 13 + 5*h - 6 + 4*h**3 + 6*h**2. What is f(l)?
7
Suppose 5*v - 18 = -3*m - 6, 0 = 2*m - 8. Suppose v = 4*p - 8 - 24. Let z(t) = p*t - 8 + 8. What is z(1)?
8
Let a(u) be the first derivative of -u - 5 + 5/3*u**3 + 3*u**2 - 1/4*u**4. Give a(6).
-1
Let f = -51 - -57. Let v(t) = t - 6. Determine v(f).
0
Suppose -3*c + 20 = 2*c. Let f(h) = -h + 7. Calculate f(c).
3
Let k(v) = -v**3 + 3*v**2 + 5*v + 1. Let y be k(4). Let u(n) = 22*n**2 + 1 - 12*n**2 + 5*n - 11*n**2. What is u(y)?
1
Let a(l) be the first derivative of 3*l**2/2 - 1. Let y(f) = -13*f. Suppose -4*q + 26 = -2*q + 4*p, 0 = 5*q + 3*p - 51. Let r(w) = q*a(w) + 2*y(w). Give r(-6).
-6
Let b(f) = f**2 + 4*f - 3. Let x be b(2). Suppose -3*o - 2*c = 18, o - 2*c = 3 - x. Let r be -2 + 2*(-15)/o. Let u(n) = -3*n + 3. What is u(r)?
-6
Let x = 9 + -7. Suppose 3*c + 2*v = -11, 2*v + 2 + 8 = -x*c. Let z(q) = 0*q**3 - 2*q - 2*q**3 - q**3 - 1. Give z(c).
4
Let l(c) be the third derivative of c**5/60 - c**4/3 + 5*c**3/6 + 43*c**2. Give l(7).
-2
Let b(y) = 4*y + 131*y**2 + 4*y**3 - 136*y**2 - 5 - 3*y**3. Determine b(5).
15
Let s be -10*3*(-2)/(-6). Let p(d) = -d**3 - 11*d**2 - 9*d + 4. Determine p(s).
-6
Suppose -3*h + 12 = q + 38, -4*h - 38 = 2*q. Let m = h + 9. Let a(f) = f + 1. Let n(c) = 7*c. Let g(z) = -3*a(z) + n(z). What is g(m)?
5
Let a(b) = 2*b + 4. Suppose 3*q - q = 5*n - 41, -5*q = -5*n + 50. Suppose -3*o = 15 + 21. Let i = n + o. What is a(i)?
-6
Let h(y) be the third derivative of -y**5/20 - y**4/12 - y**3/6 - 16*y**2. Determine h(-1).
-2
Let q = 7 + -5. Let x(t) = 4 - 5*t**q + t + 5*t**2 - t**2. Let o = -1465 - -1468. Calculate x(o).
-2
Let o(p) = 418 - 418 + 25*p**2. What is o(1)?
25
Let y(k) be the second derivative of 4*k + 0 - 1/3*k**3 + 0*k**2. Give y(2).
-4
Let r(l) be the third derivative of -l**6/144 + l**5/60 + l**4/12 - 2*l**2. Let c(z) be the second derivative of r(z). Calculate c(2).
-8
Suppose 0*u = -2*u + 6. Let v(d) be the third derivative of d**4/24 - 7*d**3/6 + d**2. Give v(u).
-4
Suppose -5*u - 3*z + 4*z - 14 = 0, 0 = -u + 3*z. Let q = 9 + u. Let b(g) = g**2 - 6*g - 8. What is b(q)?
-8
Suppose l - 21 = -3*g + 3*l, 2*g = 3*l + 14. Suppose -5*w = -g + 32. Let p(c) = -c**3 - 5*c**2 + c + 5. Calculate p(w).
0
Let m(g) be the second derivative of g**6/360 + g**5/24 + g**4/24 + g**3/3 - 3*g. Let o(v) be the second derivative of m(v). What is o(-3)?
-5
Suppose -5*c + 2 = -4*b, c = -2*b + 4 + 2. Let y be 2 + -2*(-1)/c. Let x(r) be the first derivative of r**3/3 - 3*r**2/2 + 3*r + 1. Determine x(y).
3
Suppose 3*h = -0*h + 18. Let n(f) = -f**3 + 7*f**2 - 5*f - 6. Let l be n(h). Let y be l - (2 + -1)*-2. Let p(m) = m**3 - 4*m**2 + 2*m + 1. What is p(y)?
-3
Let i(x) = -x**2 + 2*x + 2. Let k be (-1)/(-5) - 29/(-5). Suppose -1 = -q + o, 5*q - 4*o - k = 1. Determine i(q).
-1
Suppose 0 = 5*r - 4*r + 6. Let h(d) = -d**2 - 5*d - 2. Calculate h(r).
-8
Let v(o) = o - 10. Let b(j) = 2*j**2 - 2*j + 1. Let a be b(2). Calculate v(a).
-5
Let z(v) = -5*v**3 + 2*v - 1. Suppose 0 = -5*b - 0 + 5. Determine z(b).
-4
Let h(p) be the second derivative of p**6/120 - p**5/12 + 7*p**4/24 - p**3 - 3*p**2 + 3*p. Let f(k) be the first derivative of h(k). What is f(4)?
6
Let a(l) = l**2 + 7*l - 3. Let j be a(-6). Let v be (-21)/j + (-1)/3. Let y(w) = v*w**2 + 5*w - 2 - 4 + 4 - w**3. Give y(3).
4
Let g = 21 - 14. Let f(n) = n**3 + 4*n**2 + 5*n + 10. Let c(w) = -4*w**3 - 11*w**2 - 15*w - 30. Let r(i) = -2*c(i) - 7*f(i). Give r(g).
4
Suppose -4*i + 24 = -0*i. Let d(v) = 2*v**2. Let u be d(-1). Let s(z) = -3*z**2 + 2*z - z**3 + 0*z**3 + i - u*z**2. Determine s(-5).
-4
Let p(l) be the first derivative of -5*l**2 - 2*l + 20. What is p(-2)?
18
Suppose 2*m = 5*m. Suppose -3*x + 5 - 14 = m. Let d(w) be the second derivative of w**4/12 + 2*w**3/3 - w**2/2 - 3*w. Calculate d(x).
-4
Let q(r) = 3*r + 1. Suppose -2*h + 5*v - 2 = -11, 3 = h - v. Calculate q(h).
7
Let p be (12/(-10))/((-4)/20). Let v be (p + -1)*(-6)/(-15). Let i(z) = z**2 + v*z + 1 - z + 2*z. What is i(-4)?
5
Let x(p) be the first derivative of -4*p**3/3 - p**2/2 - 4*p + 1. Let k(m) = m**3 + m**2 + 1. Let v(s) = -k(s) + x(s). Determine v(-5).
0
Let a(x) be the first derivative of -x**4/4 - x**3 - x**2/2 + 2*x + 4. Suppose 3 - 9 = 3*n. Let i(s) = -s**3 + s + 1. Let j(v) = n*i(v) + a(v). Calculate j(4).
4
Let h(z) = z**3 - 6*z**2 + 5*z - 1. Let q(l) = l**2 + 5*l + 3. Let o be q(-5). Let j be 10/((o - -2) + -3). Calculate h(j).
-1
Let r(s) = -s**3 + s**2 + 2*s - 4. Let d(v) = -3*v**3 + 2*v**2 + 5*v - 9. Let n(t) = 2*d(t) - 5*r(t). Calculate n(-2).
6
Let g(u) = -u**2 + 4. Suppose 5*r + 5 = 0, -a = -3*a + 3*r + 5. Suppose -2*y - 14 = 6*x - x, a = -y - x. Give g(y).
-5
Let g(w) = 18*w - 2. Let q be g(-5). Let a be q/(-16) - (-6)/(-8). Let s(c) = c - 6. Calculate s(a).
-1
Let g be (-30)/9*12/8. Let w(x) = -5*x**2 - 1 - x**2 + 5 - 6*x - x**3. What is w(g)?
9
Let b be 14/8 - (-2)/8. Suppose 4*v + 2 = -b. Let z(r) be the first derivative of 7*r**3/3 - r**2 - r + 9. What is z(v)?
8
Let g(m) = m. Let o be g(0). Suppose 3*a + 6 = -o*a. Let r(k) be the first derivative of -k**2/2 + k + 4. What is r(a)?
3
Let u(o) = -164*o + 86*o - 1 + 76*o. Give u(5).
-11
Let f be (-1)/((4/6)/((-24)/36)). Let p(r) = 6*r - 1. Give p(f).
5
Let c(x) = -10*x + 1. Let a(u) = -2*u + 15. Let o be a(7). What is c(o)?
-9
Let j(b) be the second derivative of -5*b + 0*b**4 + 9/20*b**5 + 0*b**2 + 0*b**3 + 0. Determine j(1).
9
Let x = 0 - 1. Let y be (x/1)/(6/(-18)). Let b(o) = 1. Let d(n) = n**2 + n - 6. Let u(g) = 6*b(g) + d(g). Determine u(y).
12
Suppose 0 = -0*d + d - 2. Let v(j) = -6*j**2 - 48 + 3*j**d + 46 + j**3. Calculate v(3).
-2
Suppose 4*g = g + 18. Let c(q) = q**3 - 6*q**2 - 4. What is c(g)?
-4
Let k(m) = -m**2 - 11*m - 10. Let p be k(-10). Let s = 2 - 0. Let y(u) = s + 2*u - 1 + p*u. What is y(-5)?
-9
Let y(p) = p + 11. Let j be y(-11). Let h(u) be the first derivative of u**4/4 - 10*u - 5. What is h(j)?
-10
Let k(t) = t**2 - 5*t + 18. Let x be k(6). Let a = x - 20. Let h(q) = -q - 5. What is h(a)?
-9
Suppose -4*q - 12 = -4*p, 3*q = 5*p + 1 - 16. Let k(w) be the second derivative of 1/6*w**p + 2*w**2 + 0 - 5*w. Give k(-4).
0
Let l(g) = 7*g. Let k = 11 + -3. Let j = -5 + k. Suppose -6*b = -9*b + j. Calculate l(b).
7
Let m be (-6)/21 - 58/(-7). Let i(f) = f**2 - 8*f - 3. Determine i(m).
-3
Let z(w) = w**3 - w + 1. Suppose 0*i - 3*i + 15 = 0. Let s be (-8)/i*5/(-2). Sup